to base 15.
-37e9
What is 7143 (base 8) in base 2?
111001100011
-826 (base 16) to base 7
-6040
22302030 (base 4) to base 9
66530
-a028 (base 11) to base 14
-4c0c
Convert 3a3 (base 13) to base 7.
1603
What is -16 (base 13) in base 16?
-13
What is 66 (base 9) in base 4?
330
2021 (base 5) to base 4
10011
Convert 12333 (base 4) to base 9.
546
Convert -11156 (base 8) to base 14.
-1a10
451 (base 8) to base 15
14c
2c9a (base 14) to base 15
256b
Convert -22122131 (base 4) to base 6.
-525245
Convert 1011121 (base 3) to base 2.
1101010101
What is -18054 (base 9) in base 5?
-344232
Convert 1866 (base 9) to base 2.
10110011101
-7292 (base 10) to base 7
-30155
1791 (base 11) to base 6
14314
-3c2 (base 13) to base 10
-665
What is 11111110010 (base 2) in base 3?
2210100
What is -166416 (base 7) in base 13?
-12315
Convert 884 (base 14) to base 16.
694
What is -103 (base 9) in base 12?
-70
What is 1212 (base 10) in base 16?
4bc
What is 32021 (base 5) in base 16?
858
-6374 (base 8) to base 3
-11120010
What is 16741 (base 10) in base 6?
205301
Convert -3811 (base 11) to base 13.
-2357
-4737 (base 13) to base 15
-2e7c
111130 (base 4) to base 12
964
What is 10001110000 (base 2) in base 6?
5132
-2ed (base 15) to base 4
-22201
Convert -d58 (base 14) to base 3.
-10121021
What is 3b5 (base 12) in base 8?
1071
Convert -3404 (base 8) to base 12.
-1058
20101021 (base 3) to base 4
1020223
Convert -37263 (base 8) to base 9.
-24014
45679 (base 10) to base 11
31357
-1001011010100010 (base 2) to base 6
-454310
-525 (base 16) to base 2
-10100100101
-3a805 (base 11) to base 14
-172d8
Convert -10004 (base 5) to base 8.
-1165
What is -1483 (base 13) in base 5?
-43410
Convert -22011022 (base 3) to base 16.
-173c
What is -10a (base 16) in base 9?
-325
89 (base 12) to base 15
70
-113022 (base 6) to base 13
-457a
What is -90a8 (base 13) in base 6?
-232103
What is 4bcb (base 13) in base 16?
2a3e
Convert -10121 (base 3) to base 11.
-89
2200 (base 3) to base 10
72
-100001010110 (base 2) to base 12
-129a
21134 (base 7) to base 4
1101203
What is 211 (base 9) in base 14?
c4
-5ac (base 15) to base 3
-1202200
Convert -103312 (base 4) to base 10.
-1270
Convert 11333 (base 7) to base 3.
10222222
Convert 2651 (base 8) to base 9.
1880
64b (base 13) to base 9
1426
Convert 213121 (base 4) to base 14.
cc1
Convert 2110032 (base 4) to base 5.
300421
Convert 11021221 (base 3) to base 14.
11d8
What is -1020332 (base 4) in base 15?
-15b5
535 (base 11) to base 7
1606
Convert -91b (base 16) to base 2.
-100100011011
What is 2d2 (base 14) in base 7?
1452
What is -1623 (base 11) in base 5?
-31312
5525 (base 9) to base 8
7751
What is 22232 (base 4) in base 10?
686
-4481 (base 12) to base 15
-23aa
What is -2c04 (base 14) in base 3?
-101202112
What is 543 (base 12) in base 6?
3323
43102 (base 6) to base 3
22001102
-1a3 (base 12) to base 9
-326
What is 1031 (base 7) in base 11?
302
Convert eb (base 15) to base 13.
140
Convert 324 (base 15) to base 14.
389
Convert 291 (base 15) to base 14.
2dc
Convert 2303 (base 6) to base 3.
202010
2787 (base 15) to base 7
33433
Convert 1302 (base 4) to base 11.
a4
Convert 1001001 (base 2) to base 4.
1021
Convert -19d (base 16) to base 13.
-25a
Convert -11102321 (base 4) to base 7.
-120143
-220012102 (base 3) to base 6
-213402
What is -110101000101 (base 2) in base 16?
-d45
Convert 51bb (base 13) to base 3.
120111211
Convert c557 (base 14) to base 16.
84c1
211 (base 8) to base 15
92
13212 (base 6) to base 14
a48
What is 1d4 (base 15) in base 10?
424
Convert 2000 (base 4) to base 3.
11202
Convert -3a0 (base 12) to base 14.
-2b6
6 (base 12) to base 9
6
What is -1060 (base 13) in base 5?
-33100
What is 1b3 (base 15) in base 11?
328
Convert 156645 (base 7) to base 6.
400233
Convert -a277 (base 14) to base 2.
-110110100100001
What is 1100100101 (base 2) in base 10?
805
-374 (base 8) to base 12
-190
Convert 8135 (base 9) to base 7.
23222
What is 132a (base 14) in base 5?
101440
Convert 39ec (base 15) to base 14.
471a
-2c66 (base 15) to base 7
-36555
What is 102000201 (base 4) in base 2?
10010000000100001
Convert 134344 (base 6) to base 10.
12664
What is 10203 (base 4) in base 15?
146
Convert -1557 (base 8) to base 3.
-1012120
-cb69 (base 16) to base 15
-10668
What is -22121101 (base 3) in base 16?
-1882
Convert 927 (base 13) to base 9.
2116
Convert -64c (base 16) to base 9.
-2181
What is 211002 (base 3) in base 14?
308
Convert -2003212 (base 4) to base 11.
-6367
Convert 52250 (base 8) to base 12.
10660
Convert 20 (base 4) to base 8.
10
Convert -121 (base 3) to base 12.
-14
Convert -32321 (base 5) to base 9.
-3026
What is -4be (base 15) in base 7?
-3101
What is 2021103 (base 4) in base 2?
10001001010011
What is -1985a (base 12) in base 6?
-445354
What is 111000111 (base 2) in base 13?
290
What is -2923 (base 13) in base 16?
-1738
What is 253 (base 6) in base 15?
70
1262 (base 8) to base 4
22302
33d (base 16) to base 11
694
13020 (base 6) to base 9
2613
Convert 1000110000 (base 2) to base 14.
2c0
What is 11a (base 16) in base 3?
101110
What is db9 (base 15) in base 6?
22203
Convert 245 (base 13) to base 14.
203
Convert -6706 (base 13) to base 4.
-3200203
-10001001100100 (base 2) to base 3
-110002002
What is 12205 (base 7) in base 6?
22434
What is 615 (base 15) in base 16?
55a
Convert 338 (base 9) to base 14.
15c
Convert -43232 (base 5) to base 3.
-11000222
61160 (base 7) to base 4
3213320
What is 3304 (base 14) in base 16?
2278
5b4a (base 16) to base 8
55512
What is 13601 (base 7) in base 13?
1907
What is -abaa (base 15) in base 14?
-d38d
350 (base 15) to base 10
750
What is 101101110001110 (base 2) in base 6?
300302
1414 (base 5) to base 14
12a
What is 20695 (base 10) in base 14?
7783
Convert -a31 (base 13) to base 7.
-5021
Convert -72c (base 16) to base 5.
-24321
b7 (base 12) to base 13
a9
1454d (base 15) to base 6
1222231
Convert 182c (base 15) to base 13.
24b4
Convert -416 (base 9) to base 7.
-663
What is 25 (base 10) in base 14?
1b
-3213 (base 5) to base 13
-274
What is 10101110101101 (base 2) in base 10?
11181
Convert 2032 (base 5) to base 9.
326
Convert 11507 (base 9) to base 10.
7702
What is 1000100001000 (base 2) in base 3?
12222111
Convert -34 (base 8) to base 2.
-11100
-6750 (base 11) to base 4
-2022320
Convert 1748c (base 13) to base 15.
d3c2
16777 (base 8) to base 16
1dff
Convert 3861 (base 10) to base 11.
29a0
-1010001010 (base 2) to base 11
-541
-100200222 (base 3) to base 13
-32b1
dc (base 14) to base 11
167
What is -4c (base 15) in base 4?
-1020
-3510 (base 7) to base 4
-110001
Convert -eaa (base 16) to base 11.
-2903
What is -43b (base 13) in base 12?
-506
Convert 51066 (base 7) to base 10.
12396
2bb (base 15) to base 13
392
What is 3b9c (base 13) in base 12?
4b6b
What is -2022 (base 8) in base 4?
-100102
Convert -403424 (base 5) to base 11.
-9839
Convert 211200102 (base 3) to base 13.
76ac
Convert 24a1 (base 11) to base 12.
1a75
1350 (base 6) to base 15
189
Convert -66a (base 16) to base 13.
-994
What is 4023 (base 6) in base 3?
1012120
Convert 10322 (base 4) to base 15.
15e
Convert 263 (base 13) to base 8.
643
1a31 (base 13) to base 8
7527
What is 24559 (base 12) in base 4?
30000111
-5507 (base 16) to base 4
-11110013
What is 10514 (base 6) in base 14?
782
Convert -4505 (base 7) to base 16.
-656
Convert 270 (base 10) to base 9.
330
4337 (base 14) to base 8
26535
Convert 12 (base 10) to base 15.
c
What is -236541 (base 7) in base 3?
-2012012010
What is 380 (base 9) in base 12?
223
What is -222020 (base 5) in base 12?
-45a8
62136 (base 9) to base 3
2002011020
Convert 1231 (base 6) to base 12.
217
Convert 55632 (base 8) to base 3.
1012011112
Convert 22127 (base 9) to base 13.
68b9
What is -2e7 (base 15) in base 3?
-220201
aae7 (base 15) to base 11
25235
1828 (base 9) to base 7
4043
Convert 167 (base 12) to base 9.
267
Convert 25240 (base 7) to base 8.
14763
What is 2323 (base 10) in base 4?
210103
Convert -2335 (base 7) to base 9.
-1154
What is 532 (base 8) in base 14?
1aa
Convert 835 (base 11) to base 5.
13011
Convert 1810 (base 9) to base 4.
111222
What is 102110021 (base 3) in base 13?
3a54
Convert 79 (base 10) to base 14.
59
70a7 (base 11) to base 9
13842
What is 332001 (base 6) in base 9?
41831
Convert 34330 (base 6) to base 11.
3735
Convert -1175 (base 13) to